hat is the hundreds digit of 6272?
2
What is the thousands digit of 124695?
4
What is the units digit of 1176?
6
What is the units digit of 4502?
2
What is the hundreds digit of 1094?
0
What is the tens digit of 36442?
4
What is the ten thousands digit of 38883?
3
What is the units digit of 12300?
0
What is the units digit of 8648?
8
What is the hundreds digit of 3756?
7
What is the units digit of 282?
2
What is the units digit of 10557?
7
What is the ten thousands digit of 19638?
1
What is the tens digit of 6585?
8
What is the hundreds digit of 555?
5
What is the thousands digit of 1950?
1
What is the tens digit of 3834?
3
What is the ten thousands digit of 95176?
9
What is the hundreds digit of 868?
8
What is the thousands digit of 24899?
4
What is the thousands digit of 10139?
0
What is the units digit of 3292?
2
What is the hundreds digit of 16538?
5
What is the units digit of 90668?
8
What is the thousands digit of 2109?
2
What is the thousands digit of 20723?
0
What is the units digit of 712?
2
What is the tens digit of 1535?
3
What is the hundreds digit of 4574?
5
What is the tens digit of 397?
9
What is the thousands digit of 16050?
6
What is the hundreds digit of 9595?
5
What is the thousands digit of 5721?
5
What is the tens digit of 5467?
6
What is the thousands digit of 17724?
7
What is the thousands digit of 67665?
7
What is the hundreds digit of 5918?
9
What is the tens digit of 19672?
7
What is the hundreds digit of 3271?
2
What is the tens digit of 81?
8
What is the units digit of 57344?
4
What is the hundreds digit of 119480?
4
What is the units digit of 1199?
9
What is the tens digit of 1637?
3
What is the units digit of 148164?
4
What is the tens digit of 4384?
8
What is the hundreds digit of 1123?
1
What is the units digit of 432?
2
What is the hundreds digit of 2188?
1
What is the units digit of 86491?
1
What is the hundreds digit of 1905?
9
What is the hundreds digit of 33655?
6
What is the tens digit of 9539?
3
What is the thousands digit of 9979?
9
What is the ten thousands digit of 69552?
6
What is the hundreds digit of 3517?
5
What is the hundreds digit of 3611?
6
What is the ten thousands digit of 125684?
2
What is the hundreds digit of 15463?
4
What is the tens digit of 2427?
2
What is the tens digit of 5509?
0
What is the hundreds digit of 13618?
6
What is the tens digit of 1625?
2
What is the tens digit of 22739?
3
What is the hundreds digit of 3515?
5
What is the thousands digit of 18002?
8
What is the units digit of 3889?
9
What is the units digit of 152849?
9
What is the units digit of 24166?
6
What is the thousands digit of 20451?
0
What is the thousands digit of 3951?
3
What is the thousands digit of 5190?
5
What is the units digit of 39326?
6
What is the units digit of 1204?
4
What is the units digit of 11295?
5
What is the tens digit of 108949?
4
What is the tens digit of 58798?
9
What is the units digit of 79447?
7
What is the thousands digit of 2322?
2
What is the tens digit of 249?
4
What is the thousands digit of 2695?
2
What is the units digit of 3227?
7
What is the units digit of 25033?
3
What is the thousands digit of 1415?
1
What is the tens digit of 96962?
6
What is the hundred thousands digit of 115686?
1
What is the tens digit of 93796?
9
What is the tens digit of 61981?
8
What is the tens digit of 24853?
5
What is the hundreds digit of 2076?
0
What is the tens digit of 4223?
2
What is the ten thousands digit of 33504?
3
What is the hundreds digit of 1974?
9
What is the thousands digit of 7449?
7
What is the ten thousands digit of 11625?
1
What is the units digit of 275?
5
What is the units digit of 25409?
9
What is the thousands digit of 1295?
1
What is the units digit of 4253?
3
What is the tens digit of 328?
2
What is the units digit of 1138?
8
What is the thousands digit of 6503?
6
What is the tens digit of 22?
2
What is the thousands digit of 36519?
6
What is the thousands digit of 54425?
4
What is the units digit of 8925?
5
What is the tens digit of 80264?
6
What is the tens digit of 894?
9
What is the tens digit of 14356?
5
What is the units digit of 14429?
9
What is the thousands digit of 8404?
8
What is the units digit of 696?
6
What is the tens digit of 83938?
3
What is the tens digit of 24629?
2
What is the hundreds digit of 205?
2
What is the thousands digit of 78264?
8
What is the units digit of 269?
9
What is the units digit of 3832?
2
What is the ten thousands digit of 27464?
2
What is the hundreds digit of 5917?
9
What is the units digit of 2886?
6
What is the tens digit of 6731?
3
What is the units digit of 21503?
3
What is the tens digit of 3355?
5
What is the hundreds digit of 6458?
4
What is the units digit of 1429?
9
What is the hundreds digit of 5552?
5
What is the tens digit of 128?
2
What is the tens digit of 1643?
4
What is the hundreds digit of 1537?
5
What is the tens digit of 31920?
2
What is the tens digit of 4956?
5
What is the tens digit of 524?
2
What is the tens digit of 6169?
6
What is the hundreds digit of 10017?
0
What is the units digit of 181910?
0
What is the hundreds digit of 94825?
8
What is the hundreds digit of 1221?
2
What is the tens digit of 106735?
3
What is the hundreds digit of 831?
8
What is the ten thousands digit of 18013?
1
What is the hundreds digit of 621?
6
What is the thousands digit of 100159?
0
What is the units digit of 2630?
0
What is the tens digit of 110085?
8
What is the hundreds digit of 14593?
5
What is the tens digit of 877?
7
What is the units digit of 262?
2
What is the ten thousands digit of 25957?
2
What is the units digit of 3406?
6
What is the hundreds digit of 4832?
8
What is the thousands digit of 16493?
6
What is the units digit of 710?
0
What is the thousands digit of 16584?
6
What is the units digit of 317?
7
What is the units digit of 558?
8
What is the hundreds digit of 1131?
1
What is the tens digit of 917?
1
What is the thousands digit of 2721?
2
What is the ten thousands digit of 14224?
1
What is the units digit of 599?
9
What is the units digit of 971?
1
What is the ten thousands digit of 14266?
1
What is the units digit of 4325?
5
What is the tens digit of 27068?
6
What is the hundreds digit of 1507?
5
What is the ten thousands digit of 10272?
1
What is the tens digit of 1002?
0
What is the tens digit of 302?
0
What is the thousands digit of 4384?
4
What is the thousands digit of 8228?
8
What is the ten thousands digit of 64751?
6
What is the tens digit of 4067?
6
What is the thousands digit of 3203?
3
What is the ten thousands digit of 14587?
1
What is the ten thousands digit of 56686?
5
What is the hundreds digit of 27120?
1
What is the thousands digit of 31631?
1
What is the tens digit of 2384?
8
What is the hundreds digit of 48195?
1
What is the tens digit of 4015?
1
What is the thousands digit of 7968?
7
What is the units digit of 1675?
5
What is the tens digit of 25423?
2
What is the units digit of 2568?
8
What is the tens digit of 34?
3
What is the tens digit of 6680?
8
What is the thousands digit of 7867?
7
What is the tens digit of 2363?
6
What is the tens digit of 975?
7
What is the tens digit of 2602?
0
What is the tens digit of 62326?
2
What is the tens digit of 2330?
3
What is the tens digit of 38458?
5
What is the thousands digit of 78177?
8
What is the tens digit of 1689?
8
What is the thousands digit of 4778?
4
What is the tens digit of 544?
4
What is the hundreds digit of 1872?
8
What is the tens digit of 7862?
6
What is the thousands digit of 2154?
2
What is the units digit of 377?
7
What is the hundreds digit of 1996?
9
What is the ten thousands digit of 10000?
1
What is the hundreds digit of 1062?
0
What is the tens digit of 9338?
3
What is the tens digit of 23472?
7
What is the tens digit of 3456?
5
What is the tens digit of 1207?
0
What is the hundreds digit of 7091?
0
What is the thousands digit of 1665?
1
What is the hundreds digit of 2483?
4
What is the thousands digit of 3348?
3
What is the hundreds digit of 12375?
3
What is the tens digit of 9275?
7
What is the hundreds digit of 1323?
3
What is the thousands digit of 2237?
2
What is the thousands digit of 1077?
1
What is the tens digit of 229?
2
What is the thousands digit of 2294?
2
What is the thousands digit of 3164?
3
What is t